01212212 (base 3) to base 7.
-21115616
What is -1403424 (base 5) in base 11?
-1a553
-100101001100100111010001 (base 2) to base 10
-9750993
What is -101011101101101110011111 (base 2) in base 14?
-17442ab
What is -4b05 (base 16) in base 11?
-1347a
What is 21034522 (base 8) in base 3?
22102011020010
Convert -4ad0e (base 16) to base 13.
-a963a
Convert 1121042224 (base 5) to base 6.
125551235
-348b8 (base 12) to base 5
-4223122
Convert 116642555 (base 7) to base 16.
710057
What is 2104064 (base 8) in base 13?
167680
Convert 2001111121221 (base 3) to base 15.
168a84
-8790 (base 10) to base 4
-2021112
What is 4362102 (base 7) in base 3?
1000020110210
-3221131 (base 5) to base 2
-1101010100001101
What is 18872 (base 12) in base 11?
24994
785864 (base 9) to base 7
3665536
Convert -33b0b (base 14) to base 7.
-1032214
-41228 (base 16) to base 8
-1011050
32014314 (base 5) to base 13
945b9
Convert -75181 (base 10) to base 9.
-124114
-1111230121 (base 4) to base 6
-11305001
Convert 52d46a (base 14) to base 10.
2802502
34214141 (base 6) to base 11
653588
-376b709 (base 12) to base 10
-10844217
10001101111100010101 (base 2) to base 16
8df15
-220001200 (base 3) to base 4
-10102011
What is 20230130 (base 5) in base 13?
59ab4
12899 (base 10) to base 8
31143
121665130 (base 7) to base 12
2689121
Convert -271235 (base 9) to base 13.
-5a104
What is -120527 (base 8) in base 12?
-1ba9b
-354652 (base 9) to base 7
-1546106
-7335b2 (base 12) to base 2
-110111001111010010110
What is -1036d (base 16) in base 3?
-10101002202
Convert 2888020 (base 9) to base 14.
2d6a96
Convert -5486b1 (base 12) to base 13.
-37ca50
Convert 110022021 (base 5) to base 2.
1110010110011110101
What is 2452230 (base 7) in base 6?
10431520
-782182 (base 9) to base 7
-3654545
Convert 41556 (base 9) to base 8.
65445
What is 2b245 (base 12) in base 11?
41772
Convert -7df4c6 (base 16) to base 7.
-130110033
Convert ee523 (base 16) to base 5.
222214123
-1015151 (base 6) to base 4
-23333023
2734422 (base 8) to base 16
bb912
Convert -2341735 (base 8) to base 13.
-1953a1
11057750 (base 8) to base 12
96b660
Convert -10100001111111011101000 (base 2) to base 9.
-10880348
-42656505 (base 7) to base 10
-3644625
What is 2c8c4 (base 16) in base 9?
307262
What is -49eba9 (base 15) in base 6?
-203534453
Convert -4230021231 (base 5) to base 6.
-513125342
Convert -1896525 (base 11) to base 4.
-30031111210
-133a22 (base 11) to base 3
-101200100020
Convert -21002021211 (base 3) to base 13.
-4b61c
-242575 (base 8) to base 9
-136263
-c7f741 (base 16) to base 2
-110001111111011101000001
-785614 (base 9) to base 14
-c33b9
Convert 77b59 (base 13) to base 5.
23422424
Convert -14a980 (base 15) to base 12.
-4014b6
Convert 27b6e (base 15) to base 2.
11111000111011110
What is -12465636 (base 7) in base 4?
-10112323233
b2744a (base 12) to base 16
2a97ba
What is -206147 (base 9) in base 3?
-20020011121
76413 (base 13) to base 16
34329
-1e8e4f (base 16) to base 13
-551624
Convert -462576 (base 8) to base 10.
-157054
Convert 333012223 (base 4) to base 9.
433504
-122231333210 (base 4) to base 12
-2419398
Convert a325b (base 15) to base 10.
516911
Convert -1c960 (base 13) to base 7.
-323536
-726230 (base 8) to base 13
-857a6
71b42 (base 13) to base 10
204037
-2011221202021 (base 3) to base 10
-1160386
64265543 (base 7) to base 10
5461865
58574 (base 14) to base 3
101221002012
Convert -2301330323 (base 4) to base 16.
-b1f3b
Convert -12010022022 (base 3) to base 15.
-1ed1b
65360 (base 7) to base 2
11111110110110
Convert 1241302 (base 5) to base 7.
131440
What is -1212110002 (base 3) in base 11?
-256a3
-911c18 (base 14) to base 7
-56340631
Convert bb5494 (base 12) to base 4.
23112031300
Convert 44547 (base 13) to base 7.
1024221
Convert a091b6 (base 13) to base 11.
211a746
What is 1072656 (base 8) in base 6?
10133034
What is 1da95 (base 15) in base 3?
11220220112
-15503326 (base 7) to base 6
-52030351
Convert 2314222212 (base 5) to base 4.
103330000331
-165367 (base 8) to base 7
-340240
-1001110001100010100 (base 2) to base 5
-40222101
Convert -231102303021 (base 4) to base 13.
-25c9539
Convert -7766017 (base 10) to base 13.
-17bba9c
What is 7bb332 (base 15) in base 16?
5a2f4b
What is -5a3db (base 15) in base 8?
-1062014
What is 774113 (base 8) in base 9?
435788
What is 311343 (base 14) in base 7?
20032613
Convert 3c2bb0 (base 14) to base 7.
23461510
What is 2199a74 (base 13) in base 15?
d87d63
Convert 407755 (base 10) to base 2.
1100011100011001011
Convert -10011001001101110001 (base 2) to base 12.
-263215
Convert -5346833 (base 9) to base 11.
-1688005
4397a36 (base 11) to base 8
35325764
-1133251 (base 6) to base 9
-100024
Convert -132112202 (base 4) to base 7.
-1025312
-14334455 (base 9) to base 7
-114265343
2101010011 (base 3) to base 2
1011011010010101
Convert 50865 (base 9) to base 16.
82e8
101000110111100100001 (base 2) to base 10
1339169
Convert -181940 (base 14) to base 9.
-1534528
Convert 100300120 (base 4) to base 11.
47623
114221 (base 9) to base 15
15557
What is 3020033323 (base 4) in base 15?
113064
What is -1ab9a (base 14) in base 2?
-10000101000110100
What is 150073 (base 11) in base 15?
49676
Convert -101010110101100101100101 (base 2) to base 13.
-24323cb
Convert -11111100011011000010 (base 2) to base 15.
-156532
130302331 (base 4) to base 15
24e34
Convert 1161766 (base 8) to base 4.
1032033312
What is -3c059a (base 13) in base 5?
-333120313
Convert 9aa3c (base 13) to base 10.
280760
What is 670135 (base 15) in base 16?
4aef34
Convert 205118 (base 9) to base 10.
121841
Convert 232648 (base 10) to base 6.
4553024
11188885 (base 9) to base 3
101012222222212
What is -1a5139 (base 11) in base 12?
-131a5b
78c6b6 (base 14) to base 4
33222201320
What is -344011 (base 9) in base 15?
-411e7
Convert 12020002200 (base 3) to base 8.
310715
What is 23000320 (base 5) in base 11?
129747
Convert 11a9271 (base 11) to base 7.
23530101
-c7b5c (base 15) to base 9
-1165226
232731 (base 11) to base 13
cc2a4
4031766 (base 11) to base 6
412512241
What is -1466564 (base 7) in base 8?
-611640
3824a (base 12) to base 15
1796d
-23050530 (base 6) to base 7
-6001551
101111201002022 (base 3) to base 11
3174548
-cb64 (base 16) to base 5
-3131233
Convert 378a7 (base 14) to base 13.
49c99
What is -14114451 (base 7) in base 14?
-2632d1
What is 1000111000100110110 (base 2) in base 13?
a2684
Convert -2124401 (base 5) to base 15.
-ab01
Convert -2dc797 (base 14) to base 16.
-188f11
What is 39dd29 (base 14) in base 15?
296c9d
141047 (base 9) to base 2
10101000000110001
What is c63a8 (base 13) in base 12?
152413
140125 (base 6) to base 5
404023
1024162 (base 10) to base 16
fa0a2
Convert -401918 (base 10) to base 5.
-100330133
Convert 731341 (base 9) to base 15.
8890a
Convert 8982488 (base 10) to base 9.
17810582
What is 2ef66 (base 16) in base 10?
192358
Convert 218996 (base 12) to base 5.
114034014
Convert -12d54 (base 15) to base 10.
-60379
-1516412 (base 7) to base 4
-302120030
What is 86a3a7 (base 11) in base 15?
1c6ce9
What is -110110011001000111001 (base 2) in base 13?
-4a5343
Convert -154590 (base 10) to base 9.
-255046
What is 3004415 (base 8) in base 14?
167633
What is 49698 (base 12) in base 16?
18494
2b00336 (base 12) to base 2
100001001110010111011010
Convert 14114132 (base 6) to base 10.
476552
Convert -2a7b0a (base 13) to base 14.
-1d2dc8
Convert 12455311 (base 9) to base 16.
5d5d5e
Convert 84843 (base 11) to base 5.
12422332
What is -3409 (base 14) in base 13?
-4153
What is 391b3 (base 13) in base 15?
21516
110110110000111101 (base 2) to base 9
371631
Convert -144504011 (base 6) to base 15.
-3eb7aa
What is 301020111 (base 4) in base 8?
611025
13335314 (base 6) to base 15
8cc7d
What is -1210122202110 (base 3) in base 11?
-5a4613
Convert -102122214 (base 6) to base 8.
-6634002
What is -30033303 (base 5) in base 13?
-8397c
Convert 11311136 (base 8) to base 14.
4814aa
Convert 436320 (base 7) to base 14.
1dd10
-11000122000012 (base 3) to base 9
-4018005
8c18c (base 13) to base 2
111110010010100001
What is -545357 (base 9) in base 4?
-1033130311
Convert -101230312 (base 5) to base 6.
-12514441
What is -2313650 (base 7) in base 12?
-11b632
-13112100300 (base 4) to base 2
-111010110010000110000
Convert 143233442 (base 5) to base 9.
1375563
1001010001